t v be 12/(-30) - (-793)/r. Let h = -102 - v. What are the prime factors of h?
3, 19
Let v = -16 + 28. Suppose 0 = -3*k + v, 2*k = -p - 2*k + 425. Suppose -2*s + p = -5*m, 5*s = m + 1649 - 684. List the prime factors of s.
2, 3
Suppose -3*i + 3*o + 15 + 0 = 0, 0 = -5*o. Suppose -i*f + 320 = -f. Suppose -s + 5*b = 3*b - f, 4*b = -2*s + 192. List the prime factors of s.
2, 11
Let c(g) = 113*g + 1989. List the prime factors of c(52).
5, 11, 13
Let q be (-1 - 1 - -8)/((-6)/8). Let p(d) = d**3 + 13*d**2 + 16*d - 7. List the prime factors of p(q).
5, 37
Let w = -998 - -2143. What are the prime factors of w?
5, 229
Let l be ((-480)/(-24))/((-1)/(-4)). Suppose 37*v = 27*v + l. What are the prime factors of v/(-6) + (-95)/(-30)*86?
271
Suppose -915 = 16*m - 13*m. Let r = 1280 - m. What are the prime factors of r?
5, 317
Let s(b) = -3*b - 22. Let u be s(4). What are the prime factors of (-18 - u) + 6 + -2?
2, 5
Let o = 3 + -11. Let j be 1 - (-212)/2 - (1 + -7). Let v = o + j. List the prime factors of v.
3, 5, 7
Let n be (0 - -1)/((-8)/4 + 3). Let u(c) = 169*c**3 - 2*c + 2. Let t be u(n). Suppose -324 = -3*w - 5*p, w + 3*p + 61 = t. What are the prime factors of w?
2, 3
Suppose 12829 = 3*q + 5*m, 0 = -1082*q + 1078*q - 5*m + 17107. What are the prime factors of q?
2, 3, 23, 31
Let a be 4 + (-25)/10 - (-666)/4. Let n be (-1)/(((-2)/10)/(a/20)). Suppose r + r = 8, 0 = 2*m - r - n. List the prime factors of m.
23
What are the prime factors of ((-770)/(-1320) + 1/(-4))/((-1)/(-7107))?
23, 103
List the prime factors of 1519934/62 - 406/6293.
5, 4903
Let j be (2/(-6))/((-4866)/540 + 9). What are the prime factors of 5/(j/(-6348))*-1?
2, 23
Let z(n) = -n**3 + 19*n**2 + 11*n + 22. Let k = 124 - 105. List the prime factors of z(k).
3, 7, 11
Let f = -76 + 58. Let z = 13 - f. Suppose 0 = z*k - 30*k - 170. List the prime factors of k.
2, 5, 17
Let x = -16511 + 11025. What are the prime factors of (-60)/(-90) - x/6?
3, 5, 61
Suppose -20847*c + 20827*c = -664600. List the prime factors of c.
2, 5, 3323
Let p(i) = 7*i**2 - 124*i + 80. What are the prime factors of p(-49)?
22963
Let q = -710 - -387. Let h = q + 635. What are the prime factors of h?
2, 3, 13
Let g = 13901 + 17670. What are the prime factors of g?
131, 241
Let k(d) = 42*d - 85. Let q be k(9). Let c = q + -107. What are the prime factors of c?
2, 3, 31
Let v(c) = c. Let x(d) = 35*d - 16. Let a(b) = 14*v(b) - 2*x(b). List the prime factors of a(-8).
2, 3, 5
Let o(d) = -85*d**3 - 2 + 14*d**2 + 86*d**3 - d**2 + 13*d. Suppose -6*y - 13 = v - 4*y, 4*v + 3*y = -47. List the prime factors of o(v).
97
Let v(t) = -199*t**3 + 8*t**2 + 30*t - 51. List the prime factors of v(-4).
3, 4231
Let b(k) = 4*k + 5. Let n be b(0). Suppose 12 = q + n. Suppose 5*r - 5*p - 285 = 0, 5*r - 285 = -q*p + 2*p. List the prime factors of r.
3, 19
Let c(q) = 2*q**3 - 8*q**2 - 6*q + 19. Suppose 7*m = 16*m - 45. List the prime factors of c(m).
3, 13
Let x be (-1 - -1)/(-8 + (-8 - -15)). Suppose -2*v - 538 = -4*k - x*v, 0 = 3*v - 15. List the prime factors of k.
137
Suppose -38*f + 20*f = 540. What are the prime factors of (-15)/f - 5898/(-4)?
5, 59
Suppose -14*w - 7616 = -30*w. Suppose -2*h = -w - 1244. List the prime factors of h.
2, 5, 43
What are the prime factors of 24657/1 - (-1 - 0 - (146 - 141))?
3, 8221
Suppose 18*w + 5*h = 16*w + 56020, 2*w - h - 55996 = 0. What are the prime factors of w?
2, 5, 7
Let a be (-2)/(-9) - (-406)/(-126). What are the prime factors of (a + 3 - -3)*(-3692)/(-12)?
13, 71
Suppose -5*c - 21 = -1. What are the prime factors of (-74)/5*50/c?
5, 37
Let w(k) = -2*k + 20. Let z be w(8). Let b be (-582)/4*7/(-42)*z. Suppose h + 1 = b. What are the prime factors of h?
2, 3
Suppose 0 = 2*y - 2*l - 10, 5*y - 6 - 15 = l. Suppose 52 = -9*t - y*t. List the prime factors of 3 + t + (267 - 1).
5, 53
Suppose 2*w + 7*w = 1161. Suppose -7*q = 10 - 38. Suppose -q*t + 3*t = -w. What are the prime factors of t?
3, 43
Let c = -31 - -39. Let k be ((-30)/c)/((-15)/20). What are the prime factors of 180/k*36/8 + -1?
7, 23
Suppose 736290 = 138*t - 6881862. List the prime factors of t.
2, 37, 373
Suppose 0 = -4*r + 4*n - 6 + 14, -10 = -r + 5*n. Suppose 4 = -r*m + m. Suppose -v = m, -v - 168 = -2*b - 4*v. What are the prime factors of b?
2, 3, 5
Suppose 426*r - 153*r - 20758730 = -265*r. What are the prime factors of r?
5, 7717
Let b(d) = d**2 + 5*d - 8. Let s be b(-7). Suppose 0 = 5*i - 3*l + 4*l + 17, -4*i + 3*l = s. What are the prime factors of (99/27)/(i/(-99))?
11
Let m(t) = 10*t**3 - 3*t**2 + 3*t - 3. Let r be m(2). Let x(z) = z**3 - 11*z**2 + 2*z - 2. Let g be x(11). Let j = r + g. What are the prime factors of j?
7, 13
Let d(i) = i**2 + 3*i - 6. Let y be d(-5). Suppose 0 = 2*w + c - 161, 146 = -y*w + 6*w + 4*c. Suppose 3*s - w = 97. List the prime factors of s.
2, 3, 5
Suppose 14*z = 87769 + 24427. List the prime factors of z.
2, 4007
Let v be (2/4)/(-1)*(-5 + 1). Let l(c) = -5 - 6 + 7*c + 0 - 5 + v*c**2. List the prime factors of l(7).
131
Let j(a) = 12*a**2 + 35*a + 126. What are the prime factors of j(-4)?
2, 89
Suppose 0*y - 3*y - 4*w + 36 = 0, -y - 3*w = -7. List the prime factors of (-11 + 8)/((-1)/(y - 3)).
3, 13
Suppose 18*w - 15*w - 133200 = -3*g, -5*w = 35. What are the prime factors of g?
11, 367
Let d(p) = p**3 - 2*p**2 - 4*p + 1. Let y be d(3). Let r be (2*4/40)/(y/(-10)). What are the prime factors of (-25*6/24)/(r/(-20))?
5
Let k(f) = 2*f**2 - 22*f + 7*f + f**2 - f - 53. List the prime factors of k(18).
631
Suppose -273 + 17 = -8*l. Let b = -7 - 1. What are the prime factors of (30/b)/((6/l)/(-3))?
2, 3, 5
Let c(y) = y + 28. Let u be c(11). Let j(r) = -r**2 - 5*r - 7. Let z be j(-2). Let d = u - z. List the prime factors of d.
2, 5
What are the prime factors of (-173064)/(-36) + (-24)/90*-10?
2, 5, 13, 37
Suppose 0 = -u + u - 4*u. Suppose 0 = -3*s - 5*w - 11, u*w + 7 = 5*s + 2*w. List the prime factors of (-4)/(-6)*(s*20 + 3).
2, 3, 7
Let z be 1 + 2 + 6 - (-10 + 6). Suppose 4*w = z*w - 6714. What are the prime factors of w?
2, 373
Suppose 238*p - 58194 - 129588 = 0. What are the prime factors of p?
3, 263
Suppose -3*o + 13 = -5*g - 11, g = -o. Suppose -k + 723 = a + o*a, 2*a + 741 = k. What are the prime factors of k?
3, 5, 7
Suppose 22*q - 39218 = 43304. What are the prime factors of q?
11, 31
Let j(q) = q - 1. Let m(i) = -i**2 - 8*i + 14. Let c(l) = l**2 + 9*l - 13. Let v(w) = -6*c(w) - 5*m(w). Let k be v(-14). What are the prime factors of j(k)?
7
Suppose -3*x = -3*y + 6171, 3*x - x = -2*y - 4106. List the prime factors of (9/(-45))/(3/x).
137
Let i = 1038 + -664. Let d(h) = -2*h**2 - 10*h - 4. Let b be d(-1). Suppose f = -f + b, 2*v - 3*f = i. What are the prime factors of v?
2, 5, 19
Suppose -33*b + 15 = -30*b. Suppose -o - 3*t = 588, 0 = 4*o - o + b*t + 1756. Let z = -401 - o. What are the prime factors of z?
181
Suppose 0 = -j - 175*n + 171*n + 4767, -2*n - 9464 = -2*j. List the prime factors of j.
7, 677
Let m(d) = -d**3 + 3*d**2 + 11*d - 8. Let o be m(5). List the prime factors of (43/3 - o)*(-63)/(-14).
2, 3, 13
Let r(j) = 4297*j**2 + 7*j - 62. List the prime factors of r(4).
2, 3, 13, 881
Let t = 12 - -1. Suppose 0*s - t = 2*b + 3*s, -3*b = -3*s + 27. Let n(x) = -x**3 - 7*x**2 - 7*x - 20. What are the prime factors of n(b)?
2, 5
Let m = 16118 - 2920. List the prime factors of m.
2, 6599
Let z(d) be the first derivative of d**4/4 - 2*d**3 - 9*d**2 + 2*d - 195. What are the prime factors of z(12)?
2, 5, 13
Suppose 2*d - r - 19265 - 5084 = 0, 2*d - 3*r - 24351 = 0. Suppose -537 = 9*l - d. What are the prime factors of l?
3, 431
List the prime factors of 0 + 636 - (56 + -50).
2, 3, 5, 7
Let t = 13 - 17. Let a be (-20)/170 + t/(-34). Let s = a - -37. What are the prime factors of s?
37
Let r = -983 + 595. Let j = -107 - r. List the prime factors of j.
281
Let q be (-13)/((-39)/(-10))*(-6)/4. Let u(l) = 38*l**2 - l + 3. Let y be u(-4). Suppose 3*m = q*o - y, -4*o + 620 = o - 2*m. What are the prime factors of o?
2, 3, 7
Suppose -53 = -k + 87. Let z = k + -138. Suppose 0*l - z*l - 4*q + 262 = 0, 400 = 3*l - q. List the prime factors of l.
7, 19
Let o(i) = -856*i + 10655. List the prime factors of o(-51).
54311
Suppose -4*u + 20 = -2*u - 3*b, -4*u = -3*b - 34. Suppose 3*w = 5*f + u*w + 19, -8 = -2*w. 